f) be the first derivative of 1/4*f**4 + 34 - 5*f**2 - 9*f - 10/3*f**3. Determine z(11).
2
Let d(g) = -29*g - 636. Let o(z) = 7*z + 139. Let y(q) = 2*d(q) + 9*o(q). Let s = -7 - -12. What is y(s)?
4
Let j = 113 + -95. Let v be -4 + (-1)/((15/j)/(-5)). Let l(b) = -2*b + 2*b + 0*b - v*b. Determine l(-4).
8
Let r(p) be the second derivative of p**4/12 - 5*p**3/3 + 13*p**2 - 1433*p - 1. Determine r(9).
17
Let i(w) = w**3 - 3*w**2 + 4*w - 3. Let n(t) = 4*t - 6*t + 3 + 2 - 2. Let m be n(0). Give i(m).
9
Suppose -30*g - 23 = -34*g + 5*b, 6*g - 17 = 5*b. Let l(v) be the first derivative of -v**4/4 - 2*v**3/3 + 2*v**2 - v - 3. Calculate l(g).
-4
Suppose -16*x = -22*x + 18. Let o(t) = x + 10*t - 4*t - 8*t. Let a = -2 - 5. Calculate o(a).
17
Let a(x) = -9*x**2 + 37*x + 2. Let p(s) = -2*s**2 + 12*s. Let f(i) = -a(i) + 3*p(i). Give f(-1).
2
Suppose 0 = -3*j + 3*y - 111, 1 = 3*y - 14. Let v be (j/(-40))/(72/(-20) - -4). Let q(t) = -6*t**2. Calculate q(v).
-24
Let s(v) = -2*v**2 - 10*v - 14. Suppose -125*a - 194 + 30 = 461. Give s(a).
-14
Let i(h) = -4*h + 4. Suppose 293*s - 303*s - 3380 = 0. Let u = s - -340. Give i(u).
-4
Let r(h) = 8*h**2 + 26*h - 7. Let v be r(-4). Let j = -2 - -2. Suppose j = v*n - 12*n. Let b(z) = z**2 - 5. What is b(n)?
-5
Let y(s) be the first derivative of 17*s**3/3 - 6*s + 4549. Determine y(-3).
147
Let g = 9876 + -9867. Let c(t) = t - 10. Calculate c(g).
-1
Let w(g) be the second derivative of -g**4/6 + g**3/2 - 17*g**2 - 4779*g. Give w(0).
-34
Let c(j) = -j**3 - 12*j**2 + 13*j + 11. Let u be (13/4)/(21/12 - 12/6). Determine c(u).
11
Let d(m) = -21*m**2 + 3. Let z(v) = -41*v**2 + 7. Suppose -14 = -3*s + 1. Let n(l) = s*d(l) - 2*z(l). What is n(1)?
-22
Let q(h) = -h**3 - 2*h**2 - 3. Let t be q(-3). Let y be (1/2)/((-30)/(-120)). Let z(a) = 4*a**2 + 547 - a**3 - 541 + 2*a**y. Give z(t).
6
Let w = -183 - 57. Let c = w + 239. Let y(f) = -29*f + 1. Calculate y(c).
30
Let h be ((0 - 5)*2)/(24/144*-15). Let m(s) be the third derivative of 0*s**h - 1/30*s**5 + 7/60*s**6 + 0 + 0*s + 23*s**2 + 1/6*s**3. What is m(1)?
13
Let l(b) be the first derivative of 3*b**2 - 80*b - 783. What is l(0)?
-80
Let x(u) = -7*u - 9. Let w(g) = -10*g - 14. Let s(t) = -5*w(t) + 7*x(t). Let r be s(0). Let m(v) = 2*v**2 + r*v**3 + 0 - v + 1 - v**2. Determine m(1).
8
Let a(i) = 2*i + 3*i - 5*i**2 + 6 + 4*i**2. Let x = 148 - 142. Suppose -3*q - 4*g + x = 0, -3*q + 33 = 2*q - g. Give a(q).
0
Let m(w) = -w**3 - 5*w**2 - w + 7. Let x(y) = -y**2 - y + 1. Let l(v) = m(v) + 2*x(v). Let z = -43373 - -43367. Give l(z).
-9
Let y(b) be the second derivative of b**4/24 - 11*b**3/6 - 79*b**2 - b - 106. Let k(g) be the first derivative of y(g). Determine k(11).
0
Let d be (-3)/(-2) + (-35)/(-10). Let h(a) = 11*a - 9*a - 2 - d + 4. What is h(7)?
11
Let t = 763 + -761. Let r(k) = -2 - 2*k**2 + 149*k - 296*k + t*k**3 + 149*k. Calculate r(2).
10
Let x(l) = 2*l + 38. Suppose 0 = -11*y + 57 - 310. Calculate x(y).
-8
Let z(h) be the second derivative of h**5/20 + h**4/2 + 2*h**3/3 - h**2/2 - 5*h. Let o be ((-10)/3)/1*(-54)/30. Suppose -18 = 3*w - o. Determine z(w).
15
Let z = -1 - -3. Let c be 2*(7/z)/1. Let a(v) be the third derivative of -v**5/60 + v**4/3 - v**3/6 + 665*v**2. Determine a(c).
6
Let k(n) = -3*n**3 + 5*n**2 + 21. Let f(w) = 2*w**3 - 4*w**2 + w - 15. Let v(m) = -4*f(m) - 3*k(m). Determine v(-2).
1
Let j(f) be the first derivative of f**2/2 + 4*f + 28. Let w(r) = 2*r + 11. Let q(x) = 11*j(x) - 4*w(x). What is q(4)?
12
Let w = 6698 + -6721. Let r(c) = -c**2 - 15*c + 181. Determine r(w).
-3
Let t = 480 + -447. Let o(d) = 2 - 2 + t*d - 18*d + 1 - 17*d - 5*d**2. Calculate o(1).
-6
Let w(p) = -4*p**2 + 123*p + 38. Let i be w(31). Let n(j) = -56 + 45 + j**2 + 0*j + 0*j**2 - i*j. Calculate n(8).
-3
Let z(k) = -k**2 + k + 2. Suppose y - 2*y = -3. Suppose y*c = 12*c - 45. Suppose 0 = -2*a + 3*n - 2*n - 11, c = -5*a - 2*n. Calculate z(a).
-10
Let r(w) = w**2 - 10*w + 7. Let q(k) = -k**2 - 2 + 7*k - 3 - 6 + 4. Let p(v) = 6*q(v) + 5*r(v). Determine p(-8).
-7
Suppose -3*v + 25 = -11. Let i be 100/(-15)*(-18)/v. Suppose -6 = i*a - 8*a. Let l(d) = -d**3 - 2*d**2 + 2*d - 1. What is l(a)?
2
Suppose -16*m - 3*t - 9 = -15*m, 2*m - 3*t + 9 = 0. Let d(g) = 2*g**2 + 18*g + 8. Calculate d(m).
-28
Let h(n) = 116*n - 346. Let x be h(3). Let z(k) = 11*k**2 + 2*k. Determine z(x).
48
Let z(j) = -5*j + 2. Let h(p) = -14*p + 6. Let o(y) = -6*h(y) + 17*z(y). Suppose 4*x + v + 5 = 0, 3*x - 25 = 2*v - 26. What is o(x)?
-1
Let s(b) = -7*b**2 + 12*b - 1. Suppose 15*h = 17 - 2. Let l(u) = u**2. Let t(k) = h*s(k) + 6*l(k). Calculate t(12).
-1
Suppose 0 = -5*m + 5*l + 30, -4*m = 4*l - 2*l. Let d(s) = s**3 - 8*s**2 + 2*s**2 + 2*s**m - 3. Suppose -2*z + 13 - 7 = 0. Determine d(z).
-12
Let f(p) = -10*p**2 - 7*p + 3. Let t(g) = -6*g**2 - g + 1. Let n(o) = -f(o) + 2*t(o). What is n(5)?
-26
Let i(s) = -22*s + 14. Let l(p) = 2*p. Let t(z) = -i(z) - 10*l(z). Suppose -3*v - 7 = -y - 11, 3*v = 2*y - 4. Calculate t(y).
2
Let c(o) be the second derivative of o**4/12 - o**3/6 + 9*o**2 + o. Suppose 10*g + n = 6*g + 7, 126 = -5*g + 18*n. Determine c(g).
18
Let o(n) = n**2 - 18*n + 10. Suppose -4*g - 7*g + 171 = -2*g. What is o(g)?
29
Let g = 92 - 92. Suppose 2*c = 2, x + 4*c = -g*c - 3. Let a(j) = j**2 + 8*j + 9. Calculate a(x).
2
Let w(x) be the first derivative of -x**2 + 2*x - 1. Let h(z) = -271*z**2 + 3*z. Let y be h(1). Let u = -266 - y. Give w(u).
-2
Suppose -4*p + 10 = -j + 15, j + 2*p = -1. Let y(a) = -a + 1 - 2*a**3 + a**3 + 12*a**3. Calculate y(j).
11
Suppose 12 + 16 = 2*s. Let k(l) = -s*l + 5 - 11*l**2 + 1 + 2*l + 12*l**2. Calculate k(12).
6
Let p be 122/671*9/(-2)*-11. Let v(c) = -3*c**2 + 23*c + 20. Give v(p).
-16
Let m(a) = -a**3 + a**2 - 3*a + 3. Suppose 335 = 43*t + 335. Calculate m(t).
3
Let m(y) = -3014*y**2 + 1006*y**2 + 1007*y**2 + 1004*y**2 - 10*y - 27. Give m(5).
-2
Let v = 495 + -492. Let x(q) = -41*q**3 - 44*q**v + 65*q**3. What is x(-1)?
20
Suppose -3*l + 5*l = 6. Let m = 49 - 47. Let g(j) = -j**2 + 2 + 3*j**m - 4 - 2*j + 0*j. Give g(l).
10
Suppose -22 = 3*h - 4. Let i(q) = -q**3 - 5*q**2 + 6*q + 12. Let k be i(h). Let x(v) = -11 + 9*v + 4*v - k*v. Give x(5).
-6
Let b(c) = -2 - 15*c - 26 + 19*c - 38 + 6. What is b(18)?
12
Suppose 5 = -31*w + 222. Let y(i) = -2 + 9 - 7*i - 3 + 8*i. Give y(w).
11
Let h(p) be the first derivative of -p**4/4 - p**3 + 3*p**2/2 + 3*p + 13. Let j(a) = -3*a**3 - 17*a**2 - 11*a - 7. Let l be j(-5). Give h(l).
-7
Let x = 291 - 286. Suppose -25 = x*l + 2*y - 49, 3*l + 3*y - 18 = 0. Let q(s) = s. What is q(l)?
4
Let q(p) = 8*p**2 + 20*p + 1. Let g(x) = 2*x**2 - 16*x + 21. Let b be g(6). What is q(b)?
13
Suppose 5*g + 2*u - 87 = 10, -5*u - 20 = 0. Let s(j) = -j + 49. Let k be s(g). Let q be (-4)/k*38 - 8/14. Let d(w) = -w - 3. Determine d(q).
3
Let o be (-1)/(2/(-40)) - -1. Let d be (-5 + 64/(-8))*1. Let b = o + d. Let v(t) = -t**2 + 8*t - 4. Give v(b).
-4
Let a be (96/(-216))/((-8)/6)*24. Let w be 7/14*a - 9. Let d(j) = 6*j + 6. Calculate d(w).
-24
Suppose 239185*o - 239145*o = 0. Let t(c) = c**2 + c + 1. Let j(l) = -l**3 + 5*l**2 + 7*l + 26. Let p(g) = j(g) - 6*t(g). Give p(o).
20
Let x(g) = 27*g**2 - 18*g - 2. Let t be x(1). Let j(f) = f**2 - 9*f + 4. Calculate j(t).
-10
Suppose 26*k - 23*k - 18 = 0. Let n(l) be the second derivative of l**5/20 - l**4/2 + l**3/3 - 2*l**2 - 4*l + 43. Determine n(k).
8
Let x(a) be the second derivative of -a**4/6 - 19*a**3/6 + 7*a**2 + 1551*a - 2. What is x(-12)?
-46
Let v be (-4)/5*2*20/(-16) - -2. Let w(j) be the third derivative of -j**5/60 - j**4/12 + j**3/6 + 8*j**2. Give w(v).
-23
Let q(a) = -15*a - a**2 - 7*a + 17*a + 5 + 11*a. Let h = -198 + 194. Determine q(h).
-35
Let p be ((-324)/(-16))/9*(-8)/(-6). Let k(z) = z**2 - z**p + 268*z - 263*z + 2 - 4*z**2. Determine k(-3).
-13
Let b(w) = -2*w - 1. Let m(n) = -35 + 16 + 20 - 3*n + 4*n. Let x(g) = -2*b(g) - 7*m(g). Calculate x(6).
-23
Let y(q) = q**2 - 5*q + 2. Suppose 1444 - 1469 = -5*u. Suppose u*o - 4*r = 5 - 2, 0 = o - r. Determine y(o).
-4
Suppose 3*y = 3*k - 42, k - 298*y + 4 = -299*y. Let s(i) be the second derivative of -1/3*i**3 - 1/2*i**2 + 0*i**4 + 20*i - 3/20*i**k + 0. Calculate s(-1).
4
Let o be (0 - 0 - -8)/2. Let q = o - 5. Let r(j) = -4*j**3 - 11 + 12 + 9*j**2 + 5*j**3